{"id":8,"date":"2019-09-25T05:36:40","date_gmt":"2019-09-25T05:36:40","guid":{"rendered":"http:\/\/www.sailam.de\/?page_id=8"},"modified":"2021-04-11T11:38:47","modified_gmt":"2021-04-11T11:38:47","slug":"links","status":"publish","type":"page","link":"https:\/\/www.sailam.de\/?page_id=8","title":{"rendered":"Links"},"content":{"rendered":"\n<p>Rund um Mallorca und Ibiza<\/p>\n\n\n\n<p>Leihwagen am besten in Deutschland vor Reiseantritt buchen habe sehr gute und g\u00fcnstige Leihwagen bei:<\/p>\n\n\n\n<p><a referrerpolicy=\"origin\" rel=\"noreferrer noopener\" href=\"https:\/\/okrentacar.es\/de\/\" data-type=\"URL\" data-id=\"https:\/\/okrentacar.es\/de\/\" target=\"_blank\">OK Cars<\/a> gefunden. Shuttle Bus vom Flughafen ist im Preis enthalten. G\u00fcnstigster Preis in der Nachsaison war 62 Cent!!! pro Tag. Kleinw\u00e4gen in der Saision ab 5 oder 6 \u20ac pro Tag m\u00f6glich.<\/p>\n\n\n\n<p><a referrerpolicy=\"origin\" rel=\"noreferrer noopener\" href=\"https:\/\/irisyachtcharter.com\/\" data-type=\"URL\" data-id=\"https:\/\/irisyachtcharter.com\/\" target=\"_blank\">IRIS Yachtcharter<\/a>: Sehr gepflegte Bavaria Yachten in Gr\u00f6\u00dfen von 34-56 Fu\u00df. Basis ist im <a href=\"https:\/\/www.cnarenal.com\/\" data-type=\"URL\" data-id=\"https:\/\/www.cnarenal.com\/\">Club Nautic Arenal<\/a>. Supermr\u00e4kte in der n\u00e4heren Umgebung. Von der Kaimauer aus kann man den &#8222;Ballermann&#8220; sehen, aber er ist weit genug weg so da\u00df sich nur sehr selten Touristen in den Hafen verirren. Der Hafen hat sehr gepflegte Sanit\u00e4ranlagen und f\u00fcr Charterg\u00e4ste einen Swimmingpool. F\u00fcr die T\u00f6rndauer hat man einen festen Liegeplatz im Hafen der im Charterpreis inbegriffen ist. Das Restaurant hat angenehme Preise und an einem Abend der Woche Live Musik. Sehr gepflegte Anlage.<\/p>\n\n\n\n<p><a href=\"https:\/\/www.clinicarotger.com\/de\/\">Klink Rotger Palma<\/a>. <\/p>\n\n\n\n<p>die Adresse f\u00fcr PCR Test(ca. 120\u20ac) oder medizinische Fragen und Hilfestellung. Deutschsprachiges Personal. Abrechnung mit der Krankenversicherten Karte m\u00f6glich.<\/p>\n\n\n\n<p><\/p>\n\n\n\n<p><a referrerpolicy=\"origin\" href=\"https:\/\/rcnpp.club\/en\">Real Club Nautica<\/a> Porto Pollenca. N\u00f6rdlichster Hafen auf der Insel Mallorca. Idealer Ausgangspunkt f\u00fcr Segel T\u00f6rns nach Menorca(ca. 40SM). Sehr gepflegte Hafenanlage die 2020 um eine weitere Mole vergr\u00f6\u00dfert wurde. Superm\u00e4rkte problemlos zu Fu\u00df erreichbar. G\u00fcnstiger ist der \u00f6ffentlich Hafen, im Sommer allerdings sehr ausgebucht. Ankern vor dem Hafen ist erlaubt allerdings sehr Wetter abh\u00e4ngig. In der Bucht von Pollenca gibt es ein paar kleinere Buchten(Cala Murta) die bei passender Wetterlage wundersch\u00f6ne Ankerm\u00f6glichkeiten bieten.<\/p>\n","protected":false},"excerpt":{"rendered":"<p>Rund um Mallorca und Ibiza Leihwagen am besten in Deutschland vor Reiseantritt buchen habe sehr gute und g\u00fcnstige Leihwagen bei: OK Cars gefunden. Shuttle Bus vom Flughafen ist im Preis enthalten. G\u00fcnstigster Preis in der Nachsaison war 62 Cent!!! pro Tag. Kleinw\u00e4gen in der Saision ab 5 oder 6 \u20ac pro Tag m\u00f6glich. IRIS Yachtcharter: &hellip; <\/p>\n<p class=\"link-more\"><a href=\"https:\/\/www.sailam.de\/?page_id=8\" class=\"more-link\"><span class=\"screen-reader-text\">\u201eLinks\u201c <\/span>weiterlesen<\/a><\/p>\n","protected":false},"author":1,"featured_media":0,"parent":0,"menu_order":0,"comment_status":"closed","ping_status":"closed","template":"","meta":{"footnotes":""},"class_list":["post-8","page","type-page","status-publish","hentry"],"_links":{"self":[{"href":"https:\/\/www.sailam.de\/index.php?rest_route=\/wp\/v2\/pages\/8","targetHints":{"allow":["GET"]}}],"collection":[{"href":"https:\/\/www.sailam.de\/index.php?rest_route=\/wp\/v2\/pages"}],"about":[{"href":"https:\/\/www.sailam.de\/index.php?rest_route=\/wp\/v2\/types\/page"}],"author":[{"embeddable":true,"href":"https:\/\/www.sailam.de\/index.php?rest_route=\/wp\/v2\/users\/1"}],"replies":[{"embeddable":true,"href":"https:\/\/www.sailam.de\/index.php?rest_route=%2Fwp%2Fv2%2Fcomments&post=8"}],"version-history":[{"count":3,"href":"https:\/\/www.sailam.de\/index.php?rest_route=\/wp\/v2\/pages\/8\/revisions"}],"predecessor-version":[{"id":224,"href":"https:\/\/www.sailam.de\/index.php?rest_route=\/wp\/v2\/pages\/8\/revisions\/224"}],"wp:attachment":[{"href":"https:\/\/www.sailam.de\/index.php?rest_route=%2Fwp%2Fv2%2Fmedia&parent=8"}],"curies":[{"name":"wp","href":"https:\/\/api.w.org\/{rel}","templated":true}]}}